{"id":979,"date":"2018-07-31T18:54:32","date_gmt":"2018-07-31T18:54:32","guid":{"rendered":"http:\/\/www.freundeskreis-muehlhaeuser-museen.de\/?page_id=979"},"modified":"2018-07-31T18:55:53","modified_gmt":"2018-07-31T18:55:53","slug":"datenschutz","status":"publish","type":"page","link":"https:\/\/www.freundeskreis-muehlhaeuser-museen.de\/?page_id=979","title":{"rendered":"Datenschutz"},"content":{"rendered":"<p align=\"JUSTIFY\"><span style=\"font-family: Arial, sans-serif;\">Nachfolgend erhalten Sie Informationen \u00fcber die Erhebung personenbezogener Daten bei Nutzung unserer Internetseite. Zu den personenbezogene Daten geh\u00f6ren alle Daten, die auf Sie pers\u00f6nlich beziehbar sind (z.B. Name, Adresse, E-Mail-Adressen, IP-Adresse).<\/span><\/p>\n<p align=\"JUSTIFY\"><span style=\"font-family: Arial, sans-serif;\"><b>Wer ist in unserem Verein f\u00fcr den Datenschutz verantwortlich?<\/b><\/span><\/p>\n<p align=\"JUSTIFY\"><span style=\"font-family: Arial, sans-serif;\">Im Freundeskreis M\u00fchlh\u00e4user Museen e.V. ist f\u00fcr den Datenschutz verantwortlich und steht Ihnen bei Fragen zur Verf\u00fcgung:<\/span><\/p>\n<table width=\"100%\" cellspacing=\"0\" cellpadding=\"11\" border=\"2\">\n<colgroup>\n<col width=\"80*\">\n<col width=\"176*\"> <\/colgroup>\n<tbody>\n<tr>\n<td width=\"31%\" height=\"11\"><span style=\"font-family: Arial, sans-serif;\">Vorsitzender<\/span><\/td>\n<td width=\"69%\">Dr. Michael Scholl<\/td>\n<\/tr>\n<tr>\n<td width=\"31%\" height=\"13\"><span style=\"font-family: Arial, sans-serif;\">Rechtsform des Vereins<\/span><\/td>\n<td width=\"69%\">eingetragener Verein<\/td>\n<\/tr>\n<tr>\n<td width=\"31%\" height=\"13\"><span style=\"font-family: Arial, sans-serif;\">Vereinsanschrift<\/span><\/td>\n<td width=\"69%\">Freundeskreis M\u00fchlh\u00e4user Museen<br \/>\nKristanplatz 7<br \/>\n99974 M\u00fchlhausen<\/td>\n<\/tr>\n<tr>\n<td width=\"31%\" height=\"13\"><span style=\"font-family: Arial, sans-serif;\">Telefon<\/span><\/td>\n<td width=\"69%\"><span style=\"font-family: Arial, sans-serif;\">(0 36 01) 85 66 0 <\/span><\/td>\n<\/tr>\n<tr>\n<td width=\"31%\" height=\"13\"><span style=\"font-family: Arial, sans-serif;\">Telefax<\/span><\/td>\n<td width=\"69%\">&nbsp;<\/td>\n<\/tr>\n<tr>\n<td width=\"31%\" height=\"11\"><span style=\"font-family: Arial, sans-serif;\">E-Mail<\/span><\/td>\n<td width=\"69%\">\n<p lang=\"zxx\">kontakt@freundeskreis-muehlhaeuser-museen.de<\/p>\n<\/td>\n<\/tr>\n<\/tbody>\n<\/table>\n<p align=\"JUSTIFY\"><span style=\"font-family: Arial, sans-serif;\"><b>Welche personenbezogenen Daten erheben wir?<\/b><\/span><\/p>\n<p align=\"JUSTIFY\"><span style=\"font-family: Arial, sans-serif;\">Wir erheben, speichern, nutzen, \u00fcbermitteln oder l\u00f6schen folgende personenbezogene Daten:<\/span><\/p>\n<ul>\n<li>\n<p align=\"JUSTIFY\"><span style=\"font-family: Arial, sans-serif;\">von Interessenten unserer Internetseite und Vereinsmitglieder, die nat\u00fcrliche Personen sind<\/span><\/p>\n<\/li>\n<li>\n<p align=\"JUSTIFY\"><span style=\"font-family: Arial, sans-serif;\">von allen anderen nat\u00fcrlichen Personen, die in Kontakt mit unserem Verein stehen (z.B. Besucher unserer Internetseite)<\/span><\/p>\n<\/li>\n<\/ul>\n<p align=\"JUSTIFY\"><span style=\"font-family: Arial, sans-serif;\">Personenbezogenen Daten von Ihnen werden von uns erhoben, wenn Sie mit uns z.B. per E-Mail oder Telefon in Kontakt treten, um mit uns als Verein zu kommunizieren und \/ oder um Karten f\u00fcr Veranstaltungen unseres Vereins zu buchen.<\/span><\/p>\n<p align=\"JUSTIFY\"><span style=\"font-family: Arial, sans-serif;\">Folgende pers\u00f6nliche Daten verarbeiten wir:<\/span><\/p>\n<ul>\n<li>\n<p align=\"JUSTIFY\"><span style=\"font-family: Arial, sans-serif;\">Pers\u00f6nliche Angaben (z.B. Vor- und Nachnamen, Adresse, E-Mail-Adresse, Telefonnummer);<\/span><\/p>\n<\/li>\n<\/ul>\n<p align=\"JUSTIFY\"><span style=\"font-family: Arial, sans-serif;\"><b>Wer erh\u00e4lt ggf. Ihre personenbezogenen Daten \u00fcbermittelt?<\/b><\/span><\/p>\n<p align=\"JUSTIFY\"><span style=\"font-family: Arial, sans-serif;\">Wir geben grunds\u00e4tzlich Ihre pers\u00f6nliche Daten nicht an Dritte weiter.<\/span><\/p>\n<p align=\"JUSTIFY\"><span style=\"font-family: Arial, sans-serif;\"><b>Welchem Zweck dienen Ihre Daten und mit welcher Rechtfertigung d\u00fcrfen wir diese nutzen?<\/b><\/span><\/p>\n<p align=\"JUSTIFY\"><span style=\"font-family: Arial, sans-serif;\">Wenn Sie unsere Internetseite ausschlie\u00dflich dazu nutzen, sich \u00fcber unseren Verein zu informieren, erheben wir nur die personenbezogenen Daten, die Ihr Browser an unseren Server \u00fcbermittelt. Wenn Sie unsere Website betrachten m\u00f6chten, erheben wir die folgenden Daten, die f\u00fcr uns technisch erforderlich sind, um Ihnen unsere Website anzuzeigen und die Stabilit\u00e4t und Sicherheit zu gew\u00e4hrleisten (Rechtsgrundlage ist Art. 6 Abs. 1 S. 1 lit. f DSGVO):<\/span><\/p>\n<ul>\n<li>\n<p align=\"JUSTIFY\"><span style=\"font-family: Arial, sans-serif;\">IP-Adresse<\/span><\/p>\n<\/li>\n<li>\n<p align=\"JUSTIFY\"><span style=\"font-family: Arial, sans-serif;\">Datum und Uhrzeit der Anfrage<\/span><\/p>\n<\/li>\n<li>\n<p align=\"JUSTIFY\"><span style=\"font-family: Arial, sans-serif;\">Zeitzonendifferenz zur Greenwich Mean Time (GMT)<\/span><\/p>\n<\/li>\n<li>\n<p align=\"JUSTIFY\"><span style=\"font-family: Arial, sans-serif;\">Inhalt der Anforderung (konkrete Seite)<\/span><\/p>\n<\/li>\n<li>\n<p align=\"JUSTIFY\"><span style=\"font-family: Arial, sans-serif;\">Zugriffsstatus\/HTTP-Statuscode<\/span><\/p>\n<\/li>\n<li>\n<p align=\"JUSTIFY\"><span style=\"font-family: Arial, sans-serif;\">jeweils \u00fcbertragene Datenmenge<\/span><\/p>\n<\/li>\n<li>\n<p align=\"JUSTIFY\"><span style=\"font-family: Arial, sans-serif;\">Website, von der die Anforderung kommt<\/span><\/p>\n<\/li>\n<li>\n<p align=\"JUSTIFY\"><span style=\"font-family: Arial, sans-serif;\">Browser<\/span><\/p>\n<\/li>\n<li>\n<p align=\"JUSTIFY\"><span style=\"font-family: Arial, sans-serif;\">Betriebssystem und dessen Oberfl\u00e4che<\/span><\/p>\n<\/li>\n<li>\n<p align=\"JUSTIFY\"><span style=\"font-family: Arial, sans-serif;\">Sprache und Version der Browsersoftware.<\/span><\/p>\n<\/li>\n<\/ul>\n<p align=\"JUSTIFY\"><span style=\"font-family: Arial, sans-serif;\">Zus\u00e4tzlich zu diesen Daten werden bei Ihrer Nutzung unserer Internetseite auch Cookies auf Ihrem Rechner gespeichert. Cookies k\u00f6nnen keine Programme ausf\u00fchren oder Viren auf Ihren Computer \u00fcbertragen. Sie dienen dazu, das Internetangebot insgesamt nutzerfreundlicher und effektiver zu machen.<\/span><\/p>\n<p align=\"JUSTIFY\"><span style=\"font-family: Arial, sans-serif;\">Wollen Sie per E-Mail oder \u00fcber unser Kontaktformular eine Veranstaltung buchen oder eine Frage an uns richten, werden die von Ihnen mitgeteilten Daten (Ihre E-Mail-Adresse, ggf. Ihr Name und Ihre Telefonnummer) von uns gespeichert, um Ihre Anfrage beantworten zu k\u00f6nnen. Die in diesem Zusammenhang anfallenden Daten l\u00f6schen wir, nachdem die Speicherung nicht mehr erforderlich ist.<\/span><\/p>\n<p align=\"JUSTIFY\"><span style=\"font-family: Arial, sans-serif;\"><b>Welche Rechte haben Sie im Zusammenhang mit dem Datenschutz?<\/b><\/span><\/p>\n<p align=\"JUSTIFY\"><span style=\"font-family: Arial, sans-serif;\">Sie haben gegen\u00fcber uns folgende Rechte hinsichtlich der Sie betreffenden personenbezogenen Daten:<\/span><\/p>\n<ul>\n<li>\n<p align=\"JUSTIFY\"><span style=\"font-family: Arial, sans-serif;\">Recht auf Auskunft,<\/span><\/p>\n<\/li>\n<li>\n<p align=\"JUSTIFY\"><span style=\"font-family: Arial, sans-serif;\">Recht auf Berichtigung oder L\u00f6schung,<\/span><\/p>\n<\/li>\n<li>\n<p align=\"JUSTIFY\"><span style=\"font-family: Arial, sans-serif;\">Recht auf Einschr\u00e4nkung der Verarbeitung,<\/span><\/p>\n<\/li>\n<li>\n<p align=\"JUSTIFY\"><span style=\"font-family: Arial, sans-serif;\">Recht auf Widerspruch gegen die Verarbeitung,<\/span><\/p>\n<\/li>\n<\/ul>\n<p align=\"JUSTIFY\"><span style=\"font-family: Arial, sans-serif;\"><b>Wie k\u00f6nnen Sie sich ggf. beschweren?<\/b><\/span><\/p>\n<p><span style=\"font-family: Arial, sans-serif;\">Sie haben die M\u00f6glichkeit, sich mit einer Beschwerde im Zusammenhang mit der Datenverarbeitung direkt an uns zu wenden (siehe Vereinsanschrift)<\/span><\/p>\n","protected":false},"excerpt":{"rendered":"<p>Nachfolgend erhalten Sie Informationen \u00fcber die Erhebung personenbezogener Daten bei Nutzung unserer Internetseite. Zu den personenbezogene Daten geh\u00f6ren alle Daten, die auf Sie pers\u00f6nlich beziehbar sind (z.B. Name, Adresse, E-Mail-Adressen, IP-Adresse). Wer ist in unserem Verein f\u00fcr den Datenschutz verantwortlich? Im Freundeskreis M\u00fchlh\u00e4user Museen e.V. ist f\u00fcr den Datenschutz verantwortlich und steht Ihnen bei Fragen <a href=\"https:\/\/www.freundeskreis-muehlhaeuser-museen.de\/?page_id=979\" class=\"more-link\">...weiterlesen<span class=\"screen-reader-text\"> \"Datenschutz\"<\/span><\/a><\/p>\n","protected":false},"author":1,"featured_media":0,"parent":0,"menu_order":105,"comment_status":"closed","ping_status":"closed","template":"","meta":{"footnotes":""},"_links":{"self":[{"href":"https:\/\/www.freundeskreis-muehlhaeuser-museen.de\/index.php?rest_route=\/wp\/v2\/pages\/979"}],"collection":[{"href":"https:\/\/www.freundeskreis-muehlhaeuser-museen.de\/index.php?rest_route=\/wp\/v2\/pages"}],"about":[{"href":"https:\/\/www.freundeskreis-muehlhaeuser-museen.de\/index.php?rest_route=\/wp\/v2\/types\/page"}],"author":[{"embeddable":true,"href":"https:\/\/www.freundeskreis-muehlhaeuser-museen.de\/index.php?rest_route=\/wp\/v2\/users\/1"}],"replies":[{"embeddable":true,"href":"https:\/\/www.freundeskreis-muehlhaeuser-museen.de\/index.php?rest_route=%2Fwp%2Fv2%2Fcomments&post=979"}],"version-history":[{"count":3,"href":"https:\/\/www.freundeskreis-muehlhaeuser-museen.de\/index.php?rest_route=\/wp\/v2\/pages\/979\/revisions"}],"predecessor-version":[{"id":982,"href":"https:\/\/www.freundeskreis-muehlhaeuser-museen.de\/index.php?rest_route=\/wp\/v2\/pages\/979\/revisions\/982"}],"wp:attachment":[{"href":"https:\/\/www.freundeskreis-muehlhaeuser-museen.de\/index.php?rest_route=%2Fwp%2Fv2%2Fmedia&parent=979"}],"curies":[{"name":"wp","href":"https:\/\/api.w.org\/{rel}","templated":true}]}}

<p align="JUSTIFY"><span style="font-family: Arial, sans-serif;">Nachfolgend erhalten Sie Informationen über die Erhebung personenbezogener Daten bei Nutzung unserer Internetseite. Zu den personenbezogene Daten gehören alle Daten, die auf Sie persönlich beziehbar sind (z.B. Name, Adresse, E-Mail-Adressen, IP-Adresse).</span></p>
<p align="JUSTIFY"><span style="font-family: Arial, sans-serif;"><b>Wer ist in unserem Verein für den Datenschutz verantwortlich?</b></span></p>
<p align="JUSTIFY"><span style="font-family: Arial, sans-serif;">Im Freundeskreis Mühlhäuser Museen e.V. ist für den Datenschutz verantwortlich und steht Ihnen bei Fragen zur Verfügung:</span></p>
<table width="100%" cellspacing="0" cellpadding="11" border="2">
<colgroup>
<col width="80*">
<col width="176*"> </colgroup>
<tbody>
<tr>
<td width="31%" height="11"><span style="font-family: Arial, sans-serif;">Vorsitzender</span></td>
<td width="69%">Dr. Michael Scholl</td>
</tr>
<tr>
<td width="31%" height="13"><span style="font-family: Arial, sans-serif;">Rechtsform des Vereins</span></td>
<td width="69%">eingetragener Verein</td>
</tr>
<tr>
<td width="31%" height="13"><span style="font-family: Arial, sans-serif;">Vereinsanschrift</span></td>
<td width="69%">Freundeskreis Mühlhäuser Museen<br />
Kristanplatz 7<br />
99974 Mühlhausen</td>
</tr>
<tr>
<td width="31%" height="13"><span style="font-family: Arial, sans-serif;">Telefon</span></td>
<td width="69%"><span style="font-family: Arial, sans-serif;">(0 36 01) 85 66 0 </span></td>
</tr>
<tr>
<td width="31%" height="13"><span style="font-family: Arial, sans-serif;">Telefax</span></td>
<td width="69%">&nbsp;</td>
</tr>
<tr>
<td width="31%" height="11"><span style="font-family: Arial, sans-serif;">E-Mail</span></td>
<td width="69%">
<p lang="zxx">kontakt@freundeskreis-muehlhaeuser-museen.de</p>
</td>
</tr>
</tbody>
</table>
<p align="JUSTIFY"><span style="font-family: Arial, sans-serif;"><b>Welche personenbezogenen Daten erheben wir?</b></span></p>
<p align="JUSTIFY"><span style="font-family: Arial, sans-serif;">Wir erheben, speichern, nutzen, übermitteln oder löschen folgende personenbezogene Daten:</span></p>
<ul>
<li>
<p align="JUSTIFY"><span style="font-family: Arial, sans-serif;">von Interessenten unserer Internetseite und Vereinsmitglieder, die natürliche Personen sind</span></p>
</li>
<li>
<p align="JUSTIFY"><span style="font-family: Arial, sans-serif;">von allen anderen natürlichen Personen, die in Kontakt mit unserem Verein stehen (z.B. Besucher unserer Internetseite)</span></p>
</li>
</ul>
<p align="JUSTIFY"><span style="font-family: Arial, sans-serif;">Personenbezogenen Daten von Ihnen werden von uns erhoben, wenn Sie mit uns z.B. per E-Mail oder Telefon in Kontakt treten, um mit uns als Verein zu kommunizieren und / oder um Karten für Veranstaltungen unseres Vereins zu buchen.</span></p>
<p align="JUSTIFY"><span style="font-family: Arial, sans-serif;">Folgende persönliche Daten verarbeiten wir:</span></p>
<ul>
<li>
<p align="JUSTIFY"><span style="font-family: Arial, sans-serif;">Persönliche Angaben (z.B. Vor- und Nachnamen, Adresse, E-Mail-Adresse, Telefonnummer);</span></p>
</li>
</ul>
<p align="JUSTIFY"><span style="font-family: Arial, sans-serif;"><b>Wer erhält ggf. Ihre personenbezogenen Daten übermittelt?</b></span></p>
<p align="JUSTIFY"><span style="font-family: Arial, sans-serif;">Wir geben grundsätzlich Ihre persönliche Daten nicht an Dritte weiter.</span></p>
<p align="JUSTIFY"><span style="font-family: Arial, sans-serif;"><b>Welchem Zweck dienen Ihre Daten und mit welcher Rechtfertigung dürfen wir diese nutzen?</b></span></p>
<p align="JUSTIFY"><span style="font-family: Arial, sans-serif;">Wenn Sie unsere Internetseite ausschließlich dazu nutzen, sich über unseren Verein zu informieren, erheben wir nur die personenbezogenen Daten, die Ihr Browser an unseren Server übermittelt. Wenn Sie unsere Website betrachten möchten, erheben wir die folgenden Daten, die für uns technisch erforderlich sind, um Ihnen unsere Website anzuzeigen und die Stabilität und Sicherheit zu gewährleisten (Rechtsgrundlage ist Art. 6 Abs. 1 S. 1 lit. f DSGVO):</span></p>
<ul>
<li>
<p align="JUSTIFY"><span style="font-family: Arial, sans-serif;">IP-Adresse</span></p>
</li>
<li>
<p align="JUSTIFY"><span style="font-family: Arial, sans-serif;">Datum und Uhrzeit der Anfrage</span></p>
</li>
<li>
<p align="JUSTIFY"><span style="font-family: Arial, sans-serif;">Zeitzonendifferenz zur Greenwich Mean Time (GMT)</span></p>
</li>
<li>
<p align="JUSTIFY"><span style="font-family: Arial, sans-serif;">Inhalt der Anforderung (konkrete Seite)</span></p>
</li>
<li>
<p align="JUSTIFY"><span style="font-family: Arial, sans-serif;">Zugriffsstatus/HTTP-Statuscode</span></p>
</li>
<li>
<p align="JUSTIFY"><span style="font-family: Arial, sans-serif;">jeweils übertragene Datenmenge</span></p>
</li>
<li>
<p align="JUSTIFY"><span style="font-family: Arial, sans-serif;">Website, von der die Anforderung kommt</span></p>
</li>
<li>
<p align="JUSTIFY"><span style="font-family: Arial, sans-serif;">Browser</span></p>
</li>
<li>
<p align="JUSTIFY"><span style="font-family: Arial, sans-serif;">Betriebssystem und dessen Oberfläche</span></p>
</li>
<li>
<p align="JUSTIFY"><span style="font-family: Arial, sans-serif;">Sprache und Version der Browsersoftware.</span></p>
</li>
</ul>
<p align="JUSTIFY"><span style="font-family: Arial, sans-serif;">Zusätzlich zu diesen Daten werden bei Ihrer Nutzung unserer Internetseite auch Cookies auf Ihrem Rechner gespeichert. Cookies können keine Programme ausführen oder Viren auf Ihren Computer übertragen. Sie dienen dazu, das Internetangebot insgesamt nutzerfreundlicher und effektiver zu machen.</span></p>
<p align="JUSTIFY"><span style="font-family: Arial, sans-serif;">Wollen Sie per E-Mail oder über unser Kontaktformular eine Veranstaltung buchen oder eine Frage an uns richten, werden die von Ihnen mitgeteilten Daten (Ihre E-Mail-Adresse, ggf. Ihr Name und Ihre Telefonnummer) von uns gespeichert, um Ihre Anfrage beantworten zu können. Die in diesem Zusammenhang anfallenden Daten löschen wir, nachdem die Speicherung nicht mehr erforderlich ist.</span></p>
<p align="JUSTIFY"><span style="font-family: Arial, sans-serif;"><b>Welche Rechte haben Sie im Zusammenhang mit dem Datenschutz?</b></span></p>
<p align="JUSTIFY"><span style="font-family: Arial, sans-serif;">Sie haben gegenüber uns folgende Rechte hinsichtlich der Sie betreffenden personenbezogenen Daten:</span></p>
<ul>
<li>
<p align="JUSTIFY"><span style="font-family: Arial, sans-serif;">Recht auf Auskunft,</span></p>
</li>
<li>
<p align="JUSTIFY"><span style="font-family: Arial, sans-serif;">Recht auf Berichtigung oder Löschung,</span></p>
</li>
<li>
<p align="JUSTIFY"><span style="font-family: Arial, sans-serif;">Recht auf Einschränkung der Verarbeitung,</span></p>
</li>
<li>
<p align="JUSTIFY"><span style="font-family: Arial, sans-serif;">Recht auf Widerspruch gegen die Verarbeitung,</span></p>
</li>
</ul>
<p align="JUSTIFY"><span style="font-family: Arial, sans-serif;"><b>Wie können Sie sich ggf. beschweren?</b></span></p>
<p><span style="font-family: Arial, sans-serif;">Sie haben die Möglichkeit, sich mit einer Beschwerde im Zusammenhang mit der Datenverarbeitung direkt an uns zu wenden (siehe Vereinsanschrift)</span></p>

<p>Nachfolgend erhalten Sie Informationen über die Erhebung personenbezogener Daten bei Nutzung unserer Internetseite. Zu den personenbezogene Daten gehören alle Daten, die auf Sie persönlich beziehbar sind (z.B. Name, Adresse, E-Mail-Adressen, IP-Adresse). Wer ist in unserem Verein für den Datenschutz verantwortlich? Im Freundeskreis Mühlhäuser Museen e.V. ist für den Datenschutz verantwortlich und steht Ihnen bei Fragen <a href="https://www.freundeskreis-muehlhaeuser-museen.de/?page_id=979" class="more-link">...weiterlesen<span class="screen-reader-text"> "Datenschutz"</span></a></p>
